ded by 1971.
45
Calculate the remainder when 935 is divided by 72.
71
Calculate the remainder when 223 is divided by 36.
7
Calculate the remainder when 1174 is divided by 582.
10
Calculate the remainder when 1003 is divided by 18.
13
What is the remainder when 26 is divided by 3?
2
What is the remainder when 2385 is divided by 592?
17
What is the remainder when 2299 is divided by 210?
199
What is the remainder when 72 is divided by 14?
2
Calculate the remainder when 116 is divided by 59.
57
What is the remainder when 291 is divided by 111?
69
Calculate the remainder when 306 is divided by 62.
58
What is the remainder when 46 is divided by 32?
14
Calculate the remainder when 1199 is divided by 380.
59
Calculate the remainder when 302 is divided by 152.
150
Calculate the remainder when 1426 is divided by 13.
9
What is the remainder when 1724 is divided by 425?
24
What is the remainder when 5094 is divided by 77?
12
What is the remainder when 2036 is divided by 339?
2
What is the remainder when 2325 is divided by 87?
63
Calculate the remainder when 1364 is divided by 60.
44
What is the remainder when 3452 is divided by 94?
68
What is the remainder when 213 is divided by 61?
30
What is the remainder when 204 is divided by 68?
0
What is the remainder when 156 is divided by 118?
38
Calculate the remainder when 571 is divided by 276.
19
Calculate the remainder when 2348 is divided by 49.
45
Calculate the remainder when 266 is divided by 27.
23
What is the remainder when 184 is divided by 178?
6
What is the remainder when 188 is divided by 52?
32
What is the remainder when 73 is divided by 27?
19
Calculate the remainder when 9914 is divided by 3298.
20
Calculate the remainder when 222 is divided by 144.
78
What is the remainder when 71 is divided by 14?
1
What is the remainder when 2604 is divided by 79?
76
What is the remainder when 55 is divided by 7?
6
What is the remainder when 932 is divided by 121?
85
Calculate the remainder when 215 is divided by 27.
26
What is the remainder when 529 is divided by 77?
67
What is the remainder when 634 is divided by 20?
14
Calculate the remainder when 177 is divided by 47.
36
What is the remainder when 344 is divided by 27?
20
What is the remainder when 512 is divided by 77?
50
Calculate the remainder when 1352 is divided by 230.
202
Calculate the remainder when 86 is divided by 10.
6
What is the remainder when 213 is divided by 43?
41
What is the remainder when 161 is divided by 33?
29
Calculate the remainder when 1629 is divided by 43.
38
What is the remainder when 662 is divided by 228?
206
What is the remainder when 1303 is divided by 103?
67
Calculate the remainder when 12284 is divided by 273.
272
What is the remainder when 60 is divided by 22?
16
Calculate the remainder when 282 is divided by 41.
36
What is the remainder when 328 is divided by 14?
6
Calculate the remainder when 811 is divided by 14.
13
Calculate the remainder when 30 is divided by 30.
0
Calculate the remainder when 450 is divided by 446.
4
Calculate the remainder when 540 is divided by 232.
76
What is the remainder when 357 is divided by 48?
21
Calculate the remainder when 1065 is divided by 322.
99
What is the remainder when 1528 is divided by 59?
53
Calculate the remainder when 149 is divided by 38.
35
Calculate the remainder when 106 is divided by 31.
13
What is the remainder when 437 is divided by 89?
81
Calculate the remainder when 468 is divided by 94.
92
Calculate the remainder when 662 is divided by 61.
52
Calculate the remainder when 684 is divided by 69.
63
What is the remainder when 8824 is divided by 1470?
4
Calculate the remainder when 3464 is divided by 77.
76
Calculate the remainder when 1281 is divided by 312.
33
What is the remainder when 2052 is divided by 13?
11
What is the remainder when 8083 is divided by 94?
93
What is the remainder when 718 is divided by 19?
15
Calculate the remainder when 54 is divided by 14.
12
Calculate the remainder when 135 is divided by 132.
3
Calculate the remainder when 618 is divided by 48.
42
What is the remainder when 3287 is divided by 18?
11
Calculate the remainder when 65 is divided by 7.
2
What is the remainder when 705 is divided by 14?
5
Calculate the remainder when 611 is divided by 120.
11
Calculate the remainder when 43 is divided by 15.
13
Calculate the remainder when 700 is divided by 78.
76
What is the remainder when 1990 is divided by 91?
79
What is the remainder when 2158 is divided by 127?
126
What is the remainder when 5734 is divided by 31?
30
Calculate the remainder when 110 is divided by 47.
16
What is the remainder when 538 is divided by 186?
166
What is the remainder when 582 is divided by 208?
166
Calculate the remainder when 575 is divided by 24.
23
Calculate the remainder when 247 is divided by 38.
19
Calculate the remainder when 189 is divided by 88.
13
What is the remainder when 1477 is divided by 99?
91
What is the remainder when 20999 is divided by 42?
41
Calculate the remainder when 40 is divided by 1.
0
Calculate the remainder when 199 is divided by 29.
25
Calculate the remainder when 1289 is divided by 15.
14
What is the remainder when 188 is divided by 34?
18
Calculate the remainder when 28 is divided by 12.
4
Calculate the remainder when 178 is divided by 94.
84
What is the remainder when 14 is divided by 3?
2
What is the remainder when 3347 is divided by 124?
123
Calculate the remainder when 477 is divided by 15.
12
Calculate the remainder when 17407 is divided by 21.
19
What is the remainder when 490 is divided by 243?
4
What is the remainder when 399 is divided by 20?
19
What is the remainder when 79 is divided by 36?
7
What is the remainder when 742 is divided by 21?
7
What is the remainder when 524 is divided by 7?
6
What is the remainder when 2749 is divided by 53?
46
What is the remainder when 1995 is divided by 26?
19
Calculate the remainder when 4142 is divided by 148.
146
What is the remainder when 1955 is divided by 140?
135
Calculate the remainder when 266 is divided by 127.
12
Calculate the remainder when 2113 is divided by 266.
251
What is the remainder when 93 is divided by 86?
7
Calculate the remainder when 249 is divided by 21.
18
Calculate the remainder when 854 is divided by 57.
56
Calculate the remainder when 221 is divided by 116.
105
What is the remainder when 620 is divided by 199?
23
What is the remainder when 367 is divided by 140?
87
Calculate the remainder when 1305 is divided by 119.
115
Calculate the remainder when 1214 is divided by 38.
36
Calculate the remainder when 1391 is divided by 202.
179
What is the remainder when 387 is divided by 30?
27
Calculate the remainder when 177 is divided by 30.
27
Calculate the remainder when 937 is divided by 4.
1
Calculate the remainder when 118 is divided by 2.
0
What is the remainder when 121 is divided by 77?
44
Calculate the remainder when 227 is divided by 57.
56
What is the remainder when 2290 is divided by 29?
28
What is the remainder when 213 is divided by 74?
65
Calculate the remainder when 1268 is divided by 18.
8
Calculate the remainder when 799 is divided by 32.
31
Calculate the remainder when 141 is divided by 18.
15
Calculate the remainder when 1094 is divided by 223.
202
Calculate the remainder when 230 is divided by 116.
114
What is the remainder when 503 is divided by 24?
23
Calculate the remainder when 1723 is divided by 96.
91
What is the remainder when 8009 is divided by 68?
53
Calculate the remainder when 37 is divided by 3.
1
Calculate the remainder when 225 is divided by 27.
9
What is the remainder when 2690 is divided by 2672?
18
Calculate the remainder when 25 is divided by 16.
9
Calculate the remainder when 7725 is divided by 12.
9
What is the remainder when 22159 is divided by 341?
335
What is the remainder when 388 is divided by 14?
10
Calculate the remainder when 38 is divided by 21.
17
Calculate the remainder when 487 is divided by 79.
13
Calculate the remainder when 179 is divided by 18.
17
Calculate the remainder when 344 is divided by 65.
19
Calculate the remainder when 11 is divided by 7.
4
Calculate the remainder when 561 is divided by 135.
21
What is the remainder when 52 is divided by 7?
3
What is the remainder when 12 is divided by 2?
0
What is th